{"id":551352,"date":"2021-05-16T19:11:08","date_gmt":"2021-05-16T17:11:08","guid":{"rendered":"http:\/\/sanskriti.fr\/?post_type=evenements&#038;p=551352"},"modified":"2021-05-16T19:11:08","modified_gmt":"2021-05-16T17:11:08","slug":"atelier-yoga-a-la-lumiere-de-lautomne-et-de-layurveda","status":"publish","type":"evenements","link":"https:\/\/www.sanskriti.fr\/en\/events\/atelier-yoga-a-la-lumiere-de-lautomne-et-de-layurveda\/","title":{"rendered":"Atelier Yoga \u00e0 la lumi\u00e8re de l&#8217;Automne et de l&#8217;Ayurv\u00e9da"},"excerpt":{"rendered":"<p>Avez vous remarqu\u00e9 un changement dans vos humeur, votre sommeil, votre peau, votre digestion ?<\/p>\n","protected":false},"featured_media":0,"template":"","class_list":["post-551352","evenements","type-evenements","status-publish","hentry"],"yoast_head":"<!-- This site is optimized with the Yoast SEO plugin v23.8 - https:\/\/yoast.com\/wordpress\/plugins\/seo\/ -->\n<title>Atelier Yoga \u00e0 la lumi\u00e8re de l&#039;Automne et de l&#039;Ayurv\u00e9da &#8226; Sanskriti<\/title>\n<meta name=\"robots\" content=\"index, follow, max-snippet:-1, max-image-preview:large, max-video-preview:-1\" \/>\n<link rel=\"canonical\" href=\"https:\/\/www.sanskriti.fr\/en\/events\/atelier-yoga-a-la-lumiere-de-lautomne-et-de-layurveda\/\" \/>\n<meta property=\"og:locale\" content=\"en_US\" \/>\n<meta property=\"og:type\" content=\"article\" \/>\n<meta property=\"og:title\" content=\"Atelier Yoga \u00e0 la lumi\u00e8re de l&#039;Automne et de l&#039;Ayurv\u00e9da &#8226; Sanskriti\" \/>\n<meta property=\"og:description\" content=\"Avez vous remarqu\u00e9 un changement dans vos humeur, votre sommeil, votre peau, votre digestion ?\" \/>\n<meta property=\"og:url\" content=\"https:\/\/www.sanskriti.fr\/en\/events\/atelier-yoga-a-la-lumiere-de-lautomne-et-de-layurveda\/\" \/>\n<meta property=\"og:site_name\" content=\"Sanskriti\" \/>\n<meta property=\"article:publisher\" content=\"https:\/\/www.facebook.com\/pg\/prachiandbenoit\/\" \/>\n<meta name=\"twitter:card\" content=\"summary_large_image\" \/>\n<script type=\"application\/ld+json\" class=\"yoast-schema-graph\">{\"@context\":\"https:\/\/schema.org\",\"@graph\":[{\"@type\":\"WebPage\",\"@id\":\"https:\/\/www.sanskriti.fr\/en\/events\/atelier-yoga-a-la-lumiere-de-lautomne-et-de-layurveda\/\",\"url\":\"https:\/\/www.sanskriti.fr\/en\/events\/atelier-yoga-a-la-lumiere-de-lautomne-et-de-layurveda\/\",\"name\":\"Atelier Yoga \u00e0 la lumi\u00e8re de l'Automne et de l'Ayurv\u00e9da &#8226; Sanskriti\",\"isPartOf\":{\"@id\":\"https:\/\/www.sanskriti.fr\/en\/#website\"},\"datePublished\":\"2021-05-16T17:11:08+00:00\",\"dateModified\":\"2021-05-16T17:11:08+00:00\",\"breadcrumb\":{\"@id\":\"https:\/\/www.sanskriti.fr\/en\/events\/atelier-yoga-a-la-lumiere-de-lautomne-et-de-layurveda\/#breadcrumb\"},\"inLanguage\":\"en-US\",\"potentialAction\":[{\"@type\":\"ReadAction\",\"target\":[\"https:\/\/www.sanskriti.fr\/en\/events\/atelier-yoga-a-la-lumiere-de-lautomne-et-de-layurveda\/\"]}]},{\"@type\":\"BreadcrumbList\",\"@id\":\"https:\/\/www.sanskriti.fr\/en\/events\/atelier-yoga-a-la-lumiere-de-lautomne-et-de-layurveda\/#breadcrumb\",\"itemListElement\":[{\"@type\":\"ListItem\",\"position\":1,\"name\":\"Accueil\",\"item\":\"https:\/\/www.sanskriti.fr\/en\/\"},{\"@type\":\"ListItem\",\"position\":2,\"name\":\"Atelier Yoga \u00e0 la lumi\u00e8re de l&#8217;Automne et de l&#8217;Ayurv\u00e9da\"}]},{\"@type\":\"WebSite\",\"@id\":\"https:\/\/www.sanskriti.fr\/en\/#website\",\"url\":\"https:\/\/www.sanskriti.fr\/en\/\",\"name\":\"Sanskriti\",\"description\":\"\",\"publisher\":{\"@id\":\"https:\/\/www.sanskriti.fr\/en\/#organization\"},\"potentialAction\":[{\"@type\":\"SearchAction\",\"target\":{\"@type\":\"EntryPoint\",\"urlTemplate\":\"https:\/\/www.sanskriti.fr\/en\/?s={search_term_string}\"},\"query-input\":{\"@type\":\"PropertyValueSpecification\",\"valueRequired\":true,\"valueName\":\"search_term_string\"}}],\"inLanguage\":\"en-US\"},{\"@type\":\"Organization\",\"@id\":\"https:\/\/www.sanskriti.fr\/en\/#organization\",\"name\":\"Sanskriti\",\"url\":\"https:\/\/www.sanskriti.fr\/en\/\",\"logo\":{\"@type\":\"ImageObject\",\"inLanguage\":\"en-US\",\"@id\":\"https:\/\/www.sanskriti.fr\/en\/#\/schema\/logo\/image\/\",\"url\":\"http:\/\/sanskriti.fr\/wp-content\/uploads\/2019\/08\/logo-sanskriti-paypal.png\",\"contentUrl\":\"http:\/\/sanskriti.fr\/wp-content\/uploads\/2019\/08\/logo-sanskriti-paypal.png\",\"width\":150,\"height\":50,\"caption\":\"Sanskriti\"},\"image\":{\"@id\":\"https:\/\/www.sanskriti.fr\/en\/#\/schema\/logo\/image\/\"},\"sameAs\":[\"https:\/\/www.facebook.com\/pg\/prachiandbenoit\/\",\"https:\/\/www.instagram.com\/yoga_with_prachi_and_benoit\/?hl=fr\"]}]}<\/script>\n<!-- \/ Yoast SEO plugin. -->","yoast_head_json":{"title":"Atelier Yoga \u00e0 la lumi\u00e8re de l'Automne et de l'Ayurv\u00e9da &#8226; Sanskriti","robots":{"index":"index","follow":"follow","max-snippet":"max-snippet:-1","max-image-preview":"max-image-preview:large","max-video-preview":"max-video-preview:-1"},"canonical":"https:\/\/www.sanskriti.fr\/en\/events\/atelier-yoga-a-la-lumiere-de-lautomne-et-de-layurveda\/","og_locale":"en_US","og_type":"article","og_title":"Atelier Yoga \u00e0 la lumi\u00e8re de l'Automne et de l'Ayurv\u00e9da &#8226; Sanskriti","og_description":"Avez vous remarqu\u00e9 un changement dans vos humeur, votre sommeil, votre peau, votre digestion ?","og_url":"https:\/\/www.sanskriti.fr\/en\/events\/atelier-yoga-a-la-lumiere-de-lautomne-et-de-layurveda\/","og_site_name":"Sanskriti","article_publisher":"https:\/\/www.facebook.com\/pg\/prachiandbenoit\/","twitter_card":"summary_large_image","schema":{"@context":"https:\/\/schema.org","@graph":[{"@type":"WebPage","@id":"https:\/\/www.sanskriti.fr\/en\/events\/atelier-yoga-a-la-lumiere-de-lautomne-et-de-layurveda\/","url":"https:\/\/www.sanskriti.fr\/en\/events\/atelier-yoga-a-la-lumiere-de-lautomne-et-de-layurveda\/","name":"Atelier Yoga \u00e0 la lumi\u00e8re de l'Automne et de l'Ayurv\u00e9da &#8226; Sanskriti","isPartOf":{"@id":"https:\/\/www.sanskriti.fr\/en\/#website"},"datePublished":"2021-05-16T17:11:08+00:00","dateModified":"2021-05-16T17:11:08+00:00","breadcrumb":{"@id":"https:\/\/www.sanskriti.fr\/en\/events\/atelier-yoga-a-la-lumiere-de-lautomne-et-de-layurveda\/#breadcrumb"},"inLanguage":"en-US","potentialAction":[{"@type":"ReadAction","target":["https:\/\/www.sanskriti.fr\/en\/events\/atelier-yoga-a-la-lumiere-de-lautomne-et-de-layurveda\/"]}]},{"@type":"BreadcrumbList","@id":"https:\/\/www.sanskriti.fr\/en\/events\/atelier-yoga-a-la-lumiere-de-lautomne-et-de-layurveda\/#breadcrumb","itemListElement":[{"@type":"ListItem","position":1,"name":"Accueil","item":"https:\/\/www.sanskriti.fr\/en\/"},{"@type":"ListItem","position":2,"name":"Atelier Yoga \u00e0 la lumi\u00e8re de l&#8217;Automne et de l&#8217;Ayurv\u00e9da"}]},{"@type":"WebSite","@id":"https:\/\/www.sanskriti.fr\/en\/#website","url":"https:\/\/www.sanskriti.fr\/en\/","name":"Sanskriti","description":"","publisher":{"@id":"https:\/\/www.sanskriti.fr\/en\/#organization"},"potentialAction":[{"@type":"SearchAction","target":{"@type":"EntryPoint","urlTemplate":"https:\/\/www.sanskriti.fr\/en\/?s={search_term_string}"},"query-input":{"@type":"PropertyValueSpecification","valueRequired":true,"valueName":"search_term_string"}}],"inLanguage":"en-US"},{"@type":"Organization","@id":"https:\/\/www.sanskriti.fr\/en\/#organization","name":"Sanskriti","url":"https:\/\/www.sanskriti.fr\/en\/","logo":{"@type":"ImageObject","inLanguage":"en-US","@id":"https:\/\/www.sanskriti.fr\/en\/#\/schema\/logo\/image\/","url":"http:\/\/sanskriti.fr\/wp-content\/uploads\/2019\/08\/logo-sanskriti-paypal.png","contentUrl":"http:\/\/sanskriti.fr\/wp-content\/uploads\/2019\/08\/logo-sanskriti-paypal.png","width":150,"height":50,"caption":"Sanskriti"},"image":{"@id":"https:\/\/www.sanskriti.fr\/en\/#\/schema\/logo\/image\/"},"sameAs":["https:\/\/www.facebook.com\/pg\/prachiandbenoit\/","https:\/\/www.instagram.com\/yoga_with_prachi_and_benoit\/?hl=fr"]}]}},"_links":{"self":[{"href":"https:\/\/www.sanskriti.fr\/en\/wp-json\/wp\/v2\/evenements\/551352"}],"collection":[{"href":"https:\/\/www.sanskriti.fr\/en\/wp-json\/wp\/v2\/evenements"}],"about":[{"href":"https:\/\/www.sanskriti.fr\/en\/wp-json\/wp\/v2\/types\/evenements"}],"wp:attachment":[{"href":"https:\/\/www.sanskriti.fr\/en\/wp-json\/wp\/v2\/media?parent=551352"}],"curies":[{"name":"wp","href":"https:\/\/api.w.org\/{rel}","templated":true}]}}

Atelier Yoga à la lumière de l&#8217;Automne et de l&#8217;Ayurvéda

<p>Avez vous remarqué un changement dans vos humeur, votre sommeil, votre peau, votre digestion ?</p>

<!-- This site is optimized with the Yoast SEO plugin v23.8 - https://yoast.com/wordpress/plugins/seo/ -->
<title>Atelier Yoga à la lumière de l&#039;Automne et de l&#039;Ayurvéda &#8226; Sanskriti</title>
<meta name="robots" content="index, follow, max-snippet:-1, max-image-preview:large, max-video-preview:-1" />
<link rel="canonical" href="https://www.sanskriti.fr/en/events/atelier-yoga-a-la-lumiere-de-lautomne-et-de-layurveda/" />
<meta property="og:locale" content="en_US" />
<meta property="og:type" content="article" />
<meta property="og:title" content="Atelier Yoga à la lumière de l&#039;Automne et de l&#039;Ayurvéda &#8226; Sanskriti" />
<meta property="og:description" content="Avez vous remarqué un changement dans vos humeur, votre sommeil, votre peau, votre digestion ?" />
<meta property="og:url" content="https://www.sanskriti.fr/en/events/atelier-yoga-a-la-lumiere-de-lautomne-et-de-layurveda/" />
<meta property="og:site_name" content="Sanskriti" />
<meta property="article:publisher" content="https://www.facebook.com/pg/prachiandbenoit/" />
<meta name="twitter:card" content="summary_large_image" />
<script type="application/ld+json" class="yoast-schema-graph">{"@context":"https://schema.org","@graph":[{"@type":"WebPage","@id":"https://www.sanskriti.fr/en/events/atelier-yoga-a-la-lumiere-de-lautomne-et-de-layurveda/","url":"https://www.sanskriti.fr/en/events/atelier-yoga-a-la-lumiere-de-lautomne-et-de-layurveda/","name":"Atelier Yoga à la lumière de l'Automne et de l'Ayurvéda &#8226; Sanskriti","isPartOf":{"@id":"https://www.sanskriti.fr/en/#website"},"datePublished":"2021-05-16T17:11:08+00:00","dateModified":"2021-05-16T17:11:08+00:00","breadcrumb":{"@id":"https://www.sanskriti.fr/en/events/atelier-yoga-a-la-lumiere-de-lautomne-et-de-layurveda/#breadcrumb"},"inLanguage":"en-US","potentialAction":[{"@type":"ReadAction","target":["https://www.sanskriti.fr/en/events/atelier-yoga-a-la-lumiere-de-lautomne-et-de-layurveda/"]}]},{"@type":"BreadcrumbList","@id":"https://www.sanskriti.fr/en/events/atelier-yoga-a-la-lumiere-de-lautomne-et-de-layurveda/#breadcrumb","itemListElement":[{"@type":"ListItem","position":1,"name":"Accueil","item":"https://www.sanskriti.fr/en/"},{"@type":"ListItem","position":2,"name":"Atelier Yoga à la lumière de l&#8217;Automne et de l&#8217;Ayurvéda"}]},{"@type":"WebSite","@id":"https://www.sanskriti.fr/en/#website","url":"https://www.sanskriti.fr/en/","name":"Sanskriti","description":"","publisher":{"@id":"https://www.sanskriti.fr/en/#organization"},"potentialAction":[{"@type":"SearchAction","target":{"@type":"EntryPoint","urlTemplate":"https://www.sanskriti.fr/en/?s={search_term_string}"},"query-input":{"@type":"PropertyValueSpecification","valueRequired":true,"valueName":"search_term_string"}}],"inLanguage":"en-US"},{"@type":"Organization","@id":"https://www.sanskriti.fr/en/#organization","name":"Sanskriti","url":"https://www.sanskriti.fr/en/","logo":{"@type":"ImageObject","inLanguage":"en-US","@id":"https://www.sanskriti.fr/en/#/schema/logo/image/","url":"http://sanskriti.fr/wp-content/uploads/2019/08/logo-sanskriti-paypal.png","contentUrl":"http://sanskriti.fr/wp-content/uploads/2019/08/logo-sanskriti-paypal.png","width":150,"height":50,"caption":"Sanskriti"},"image":{"@id":"https://www.sanskriti.fr/en/#/schema/logo/image/"},"sameAs":["https://www.facebook.com/pg/prachiandbenoit/","https://www.instagram.com/yoga_with_prachi_and_benoit/?hl=fr"]}]}</script>
<!-- / Yoast SEO plugin. -->

Atelier Yoga à la lumière de l'Automne et de l'Ayurvéda &#8226; Sanskriti

Avez vous remarqué un changement dans vos humeur, votre sommeil, votre peau, votre digestion ?
